ivide (6/u + -8)*-6?
False
Suppose m - 138 = -11. Does 13 divide m?
False
Let a = 1 + -2. Let c(x) = 4*x - 1. Let p(u) = -3*u + 1. Let t(b) = -3*c(b) - 2*p(b). Is 7 a factor of t(a)?
True
Suppose -r + 100 = 20. Is r a multiple of 22?
False
Let g(y) = y**2 - 6*y. Let i be g(8). Suppose 4*b - 8*b = -i. Does 3 divide b?
False
Let o(z) = -49 + 49 + 10*z + z**2. Is o(-11) a multiple of 11?
True
Let h = 221 - 158. Is 12 a factor of h?
False
Let r(x) = x + 13. Let k be r(-10). Suppose -3*l - 4 = -5*t, 4*t - k*l - 5 = -0*t. Let n(i) = 15*i**2 - 1. Is 10 a factor of n(t)?
False
Let c = 77 - 22. Is c a multiple of 5?
True
Let d = -20 - -11. Let i(j) = -j**2 - 13*j + 1. Does 22 divide i(d)?
False
Let j = 89 - 17. Is ((-2)/3)/((-8)/j) a multiple of 3?
True
Let r = -165 + 243. Does 5 divide (-10)/2*r/(-30)?
False
Let c = 34 - 15. Is c a multiple of 9?
False
Let x be 3 + (-1 - -2) + -4. Suppose -3*w + 0*w + 15 = x. Suppose -w*a - b + 130 = 3*b, 5*b - 130 = -5*a. Is 11 a factor of a?
False
Let x = 1 + 0. Suppose 5*m + x = 11. Suppose 3 = m*b - 15. Does 9 divide b?
True
Suppose -u - 30 = -2*u. Let j = u + -13. Is j a multiple of 8?
False
Suppose -3 = w + 3*f, 3*f = w - 4 + 1. Suppose -3*h + 4*h - 11 = -4*x, -2*x - h + 7 = w. Suppose 21 = q + x*q. Is q a multiple of 3?
False
Is 18 a factor of (-13 + 1)/((-30)/135)?
True
Suppose 5*p - p = 12. Let l be p + 1*(-3 - 0). Suppose -5*j + 20 = l, 2 + 0 = -2*i + 2*j. Is 3 a factor of i?
True
Suppose 224 = 7*p - 3*p. Is p a multiple of 27?
False
Let t(o) = -2*o - 2. Let q be t(-2). Suppose 2*i - 100 = -q*i. Let r = i + -16. Is r a multiple of 9?
True
Let n(u) = u**2 + 3. Let l be n(0). Suppose 0 = -2*h + 2*z + 3*z - l, -3*z = -3*h + 9. Is h even?
True
Suppose 4*m = -102 + 34. Let w = m - -39. Is w a multiple of 11?
True
Suppose 5*x = 2*x. Suppose 2*r - 5 - 9 = x. Is r a multiple of 7?
True
Let t(s) = -3 - 3*s**2 - 3*s - 7*s + 2*s**2. Is t(-7) a multiple of 11?
False
Let n(a) = -a**3 + 5*a**2 + a + 6. Does 4 divide n(4)?
False
Is (8/(-3))/(4/(-12)) a multiple of 4?
True
Let l = -14 - -10. Let c(d) = -4*d - 1. Is 15 a factor of c(l)?
True
Suppose 7 = -5*g + w + 26, -2*g - w + 9 = 0. Suppose 0*q = -q + g. Let y = 7 - q. Is 3 a factor of y?
True
Let b(u) = 3*u - 7. Suppose -12 = -4*t + 4. Is b(t) a multiple of 2?
False
Suppose 18 = 2*r - 152. Suppose 0 = -0*m - 5*m + r. Does 13 divide m?
False
Suppose -2*n = q - 3, -3*q - 5 = 2*n - 3*n. Let s be 4*(n + (-33)/(-4)). Suppose -5*x - 7 = -t, 5*x = 4*t - t - s. Is t a multiple of 9?
False
Let u(t) = -t**3 + 9*t**2 - 9*t - 9. Suppose -7*c + 15 = -2*c. Suppose c*d = -o + 13, -2*d = 4*o - d - 30. Is u(o) a multiple of 11?
False
Let g(t) = t**2 - t + 4. Suppose 0 = 4*c - 2*c. Suppose k + k = c. Is g(k) a multiple of 4?
True
Let l = 59 - 42. Suppose -5*t + 3*a = -223, 0 = -t + 3*a + l + 18. Let n = t - 7. Is n a multiple of 20?
True
Let n = 8 - 6. Suppose 405 = n*t + t. Suppose 0 = 5*b - 35 - t. Is b a multiple of 17?
True
Suppose -5*o - 206 + 47 = -4*d, -o - 179 = -4*d. Is d a multiple of 4?
False
Is 4 a factor of (-1551)/(-22) + 2/4*1?
False
Let p = 74 + -58. Does 16 divide p?
True
Does 13 divide (-3 - -2)/(3/(-39))?
True
Suppose 81 - 5 = 2*z. Does 7 divide z?
False
Suppose 5*t + 6 = -3*w + 1, 0 = -5*t - 5. Does 4 divide (5*-3)/(-3) + w?
False
Let v be 87/(-6) - 1/(-2). Let k = v - -22. Is k a multiple of 3?
False
Let n = 0 + 3. Let l be ((-2)/4)/(n/(-12)). Suppose 62 = 2*v + 4*w, 0 = l*v - 4*w - 54. Is v a multiple of 11?
False
Let l = -4 + 7. Let t be ((-5)/l)/(5/(-15)). Suppose -k = -t*x + 86, 4*x = 2*k - 6*k + 88. Does 9 divide x?
True
Let d(r) = -r - 20. Let a be d(0). Let s be 8/a + (-64)/(-10). Is (-4)/(-12) - (-130)/s a multiple of 11?
True
Let o(k) = k**3 + k**2 + k - 2. Suppose 2*r = -r + 6. Is o(r) a multiple of 12?
True
Let c(p) = 4*p**3 - p**2 - p - 1. Let v be c(2). Suppose 4*o - 3*i - 20 = 0, 2*o - 5*i = -3*o + v. Suppose -o = -g + 22. Is 13 a factor of g?
False
Let k be 14*(0 - 15/(-6)). Let p = 30 + k. Does 24 divide p?
False
Suppose -x - 12 = -5*q, 3*x = -2*q + x. Is 159/3 + (5 - q) a multiple of 14?
True
Let d = 14 + -18. Is 3 a factor of 0/7 + (0 - d)?
False
Let y = -3 - -115. Suppose -92 = 4*p - 6*p - 5*g, 3*p - y = -g. Is p a multiple of 12?
True
Suppose 0 = 4*g - g - 6. Let d = -15 + 20. Suppose 97 = 5*i - 2*x, g*i + d*x = 7*i - 100. Does 7 divide i?
False
Let h(d) = -d - 4. Let l be h(3). Let b(n) = 3*n**2 + 9*n - 4. Is 18 a factor of b(l)?
False
Let c = 4 + 26. Does 6 divide c?
True
Let z be (-1*1)/((-3)/6). Suppose 5*r - 3*m = 108, -4*r - z*m + 82 = -0*r. Is 7 a factor of r?
True
Suppose 2*r + 3*j = -r, j = -5*r + 20. Suppose r*a = a - 2*l + 84, -5*a = 2*l - 105. Is a a multiple of 5?
False
Let q = -2 - -2. Suppose q = -2*a - 2*a - 8. Let i(g) = -g**3 + g**2 + g - 2. Is i(a) a multiple of 4?
True
Suppose 270 = 4*p - 2*f, p + 3*p - 4*f = 276. Is p a multiple of 22?
True
Let c be ((-1)/(-2))/((-6)/(-792)). Suppose 23 = -u + c. Suppose 4*i = 5*g + u, -2*i + 5*g + 2 = -27. Does 7 divide i?
True
Let y be (1/2)/(8/(-192)). Let m(p) = 4 - 2*p - 3*p + 4*p. Does 16 divide m(y)?
True
Suppose -9*o + 14 = -85. Does 11 divide o?
True
Let m = 27 - 10. Let h = m - 12. Suppose -4*r - 9 = -r, -h*z = -4*r - 182. Is z a multiple of 15?
False
Let s(x) = 2*x**2 - 6*x - 2. Let a = -11 - -18. Let u = a - 2. Is 9 a factor of s(u)?
True
Suppose o - 332 = -3*o. Is 21 a factor of o?
False
Let y = 7 - 5. Suppose -y*i - 3*h = -5*i - 36, -3*i - 5*h = 12. Is 3/(-5)*(-54 - i) a multiple of 9?
True
Suppose -2*j + a + 162 + 200 = 0, 3*j - 3*a - 546 = 0. Does 11 divide j?
False
Is (3/1)/(6/16) a multiple of 2?
True
Suppose 3*w = 5*h - 2*w - 345, -3*h = 5*w - 223. Suppose -4*q + 89 = -h. Does 8 divide q?
True
Suppose -p + 23 = v + 3*p, -4*p = -20. Suppose q - v*i - 12 = -4*i, q - 12 = i. Is q a multiple of 4?
True
Suppose -58 = -0*c + 5*c + 2*t, -4*t = -3*c - 14. Let g be 4/c + 939/(-15). Is 11 a factor of 0 - (g/3 + -1)?
True
Suppose -5*s = 3*u - 0*s - 137, 5*u - 4*s - 216 = 0. Is u a multiple of 22?
True
Let w = 16 + -12. Does 4 divide w?
True
Suppose -58 + 226 = 3*u. Suppose 0*v + u = 4*v. Does 7 divide v?
True
Let g(u) = -u + 10. Let r be g(10). Suppose -x - 3*x + 88 = r. Is ((-1)/(-2))/(1/x) a multiple of 4?
False
Let v be (-2*3/6 + -2)*2. Suppose 2*g - g = -2. Does 13 divide g/(-3) + (-74)/v?
True
Let h(n) = -2*n - 3. Let y be h(-7). Let x(q) = 4*q + 1. Does 15 divide x(y)?
True
Let b = 225 - 137. Is b a multiple of 19?
False
Let s(u) = u**3 - 5*u**2 - 5*u - 4. Let a be s(6). Suppose -4 = -a*w + 38. Does 16 divide w?
False
Does 5 divide 54/(-36) - 126/(-4)?
True
Let y = 226 + -11. Suppose -95 = -5*u + y. Is u a multiple of 18?
False
Let m(l) = -5*l + 75. Is 20 a factor of m(-12)?
False
Let n be (-2)/6 + 133/3. Suppose 3*j = -j - n. Let i = j + 44. Does 16 divide i?
False
Suppose -4*r = -2*l - 30, 7*r - 9 = 3*r - 5*l. Is 0 + 0 - (r - 8) even?
True
Is (-2632)/(-10) + (164/(-20) - -8) a multiple of 24?
False
Let c be (6/(-4))/((-2)/4). Suppose -k = -c*k + 20. Does 3 divide k?
False
Let u = 6 - 4. Suppose -4*g + 1 = -2*g - 3*h, u*h = g + 2. Is g a multiple of 3?
False
Suppose 0*x - 2*x = -52. Is 13 a factor of x?
True
Let b = 7 + -2. Suppose 0*x + b*x - 2*m = 216, x + 2*m - 36 = 0. Is x a multiple of 18?
False
Let z = 2 - 0. Suppose x - 34 = z. Suppose 2*n - x = -2*n. Is n a multiple of 7?
False
Let l = 50 + -17. Suppose -4*a = 4*g + 81 - 21, 0 = -a - 3*g - 15. Let k = l + a. Is 18 a factor of k?
True
Let g(w) = 1 - 2*w - 4*w - 3*w + 2 + 2*w**2. Is g(8) a multiple of 28?
False
Let s = -23 - -87. Is s a multiple of 8?
True
Suppose 5*q - 47 = 73. Suppose -5*y = -o - 89, 3*y - 81 = -2*y - o. Let s = q - y. Is s a multiple of 3?
False
Suppose 0 = -7*n + 1542 + 40. Is 30 a factor of n?
False
Suppose -3*m + 45 = -n - 87, 0 = 4*m + 4*n - 192. Is m a multiple of 15?
True
Let g(s) = -19*s - 3. Does 11 divide g(-3)?
False
Suppose -5*w + 86 - 24 = 3*h, -18 = -3*w + 3*h. Is 10 a factor of w?
True
Let f(r) = 3*r**2 + 9*r - 15. Is 14 a factor of f(4)?
False
Let w be (0 + 2)/(-1 - 1). Let o be -1 + (w - -39 - 2). Suppose -j + 1 = 4, 5*i + 5*j = o. Is i a multiple of 4?
False
Let z = -19 - -13. Does 5 divide (-3)/z + 18/4?
True
Is ((-1 - 1)/1)/((-1)/125) a multiple of 18?
False
Suppose -48 = -4*y + 2